its digit of (-1*f)/(-1 + -1)?
4
Let l = 1 + 3. Suppose -n - 2*g = 2*n - 55, 70 = l*n + 2*g. Suppose -z - 4*z = -n. What is the units digit of z?
3
Let v(b) = -b**3 - 4*b**2 - 10*b - 5. What is the units digit of v(-5)?
0
Let w(a) = a**2 + 3*a. Let i be w(-5). Suppose -3*o - r + 62 = 0, -o + 0*o + 5*r + i = 0. Suppose 3*q + q = o. What is the units digit of q?
5
Let v = -7 + 32. What is the tens digit of v?
2
Let k = 98 - 51. What is the tens digit of k?
4
Suppose o = g + 2*o - 103, -305 = -3*g - 5*o. Suppose -2*p = -3*d + g, 0 = -4*p + p - 9. Suppose 0 = 3*i - 4*v - d, 5*v + 24 = 9. What is the units digit of i?
7
Suppose d - 2*d + 3*c = -11, -d + 2*c + 16 = 0. What is the tens digit of d?
2
Let f = -7 + 23. Suppose -4*s - v + 15 = -3*s, 0 = 4*v + f. What is the tens digit of s?
1
Let b be (-1)/(-5) - (-63)/(-15). Let j = b - -6. What is the units digit of j?
2
Let d be 14/8 + (-3)/(-12). Suppose -d*j - 5 = -19. What is the units digit of j?
7
Suppose -4*n + 5*m - 5 = 0, 2*n + 3*m = -3*n + 3. Let c = 0 - n. Suppose -5*i - 3*x + c*x + 56 = 0, 2*i = 3*x + 14. What is the units digit of i?
0
What is the tens digit of (1 + 1 - -8)/((-4)/(-14))?
3
Let g = -125 - -306. What is the hundreds digit of g?
1
Suppose -5*t + 96 = -14. What is the units digit of t?
2
Suppose -7 = 3*v - q + 3*q, 5*v = 2*q - 17. Let o = v - -10. What is the units digit of o?
7
Let k(o) = 4*o**2 + 2*o - 1. Suppose -9 = -3*s - 4*z - 40, -33 = 5*s + 2*z. Let c = -3 - s. What is the units digit of k(c)?
9
Let n be 3/4 + (-6)/(-24). Let g be n/(2/(-40)) - -1. Let h = g + 31. What is the tens digit of h?
1
Let s be (-10)/4*(3 + -5). Let n = s - -1. What is the units digit of n?
6
Let c(i) = -i**2 - 7*i + 1. Let p(k) = k**2 + 8*k - 1. Let y(t) = -5*c(t) - 4*p(t). What is the units digit of y(-5)?
9
Suppose -3*v - 15 = -6*v. Suppose 0*f = -v*f + 20. What is the units digit of f?
4
Let l(q) = 7*q**2 + 2*q - 7*q**2 + q**3 - 3. Let p be l(3). Suppose 5*h - 3*d = 31 + 36, -2*h - 2*d = -p. What is the tens digit of h?
1
Let a(f) = -f**2 + 3. Let p be a(-5). Let n = p - -30. What is the units digit of n?
8
Suppose 2*m - 38 = -4*g, 4 = g + 5*m - 10. What is the units digit of g?
9
Suppose -2*d + 476 = -2*m, 3*m + m - 952 = -4*d. What is the hundreds digit of d?
2
Let t(a) be the second derivative of 5*a**3/6 + a**2/2 - 4*a. What is the units digit of t(3)?
6
What is the units digit of ((-520)/25)/((-2)/5)?
2
Suppose 2*i - 4*t - 289 + 73 = 0, i - 73 = -5*t. What is the units digit of i?
8
Suppose -4*k + 1 + 13 = 2*x, x - k = 4. Suppose 20 = x*i - 35. What is the units digit of i?
1
Let m = -8 + 13. Suppose -m*i + 61 + 144 = 0. What is the units digit of i?
1
Let w(x) = x + 3. Let d = -6 - -6. What is the units digit of w(d)?
3
Let b(o) be the second derivative of 1/2*o**2 + 0 + 1/12*o**4 + 1/3*o**3 + o. What is the units digit of b(-3)?
4
Let a(d) = d**2 - 11*d + 9. What is the tens digit of a(15)?
6
Suppose -10*l + 303 = -7*l. What is the tens digit of l?
0
Let i(l) = l**2 - l + 1. Suppose d + 8 = 4. What is the units digit of i(d)?
1
Suppose r = -4*m + m + 10, 10 = 2*m - r. Suppose -a - 5*c = -4, a - 10 + 3 = -m*c. What is the tens digit of a?
1
Let y = -2 + 6. Suppose y*o + 3 = 5*o. Suppose m + 0 = 5*i + 12, -o*m + 4*i + 14 = 0. What is the units digit of m?
2
Let s = -21 + 35. What is the units digit of s?
4
Let n = -4 - -3. What is the units digit of (-45)/(-6) - n/2?
8
Let t(w) = -2*w**2 + 7*w - 7. Let b(f) = f + 1. Let r be b(-6). Let m(n) = -3*n**2 + 8*n - 8. Let q(c) = r*m(c) + 6*t(c). What is the units digit of q(2)?
4
Suppose 2*f = 2*z - z - 7, -4*z - 3*f + 6 = 0. Suppose 0*j = -5*j + 10. Suppose -l - q + 8 = j*q, z*l - 8 = -q. What is the units digit of l?
2
Suppose -t + h + 1 = 0, h = 3*t + 2*t - 25. What is the units digit of ((-3)/t)/((-1)/22)?
1
Let i(d) = 2*d**2 + 2*d + 7. Let l be i(-7). What is the units digit of 26/l + 24/14?
2
Let n be -1 - (1 - 4)*-1. Let c(a) = -2 - 4 - 2*a + a + 3. What is the units digit of c(n)?
1
Let u = -6 - -13. Suppose -k = -u - 1. What is the units digit of 50/k + (-1)/4?
6
Suppose 8*i + 3*f = 3*i + 714, 0 = -3*i + 4*f + 440. What is the tens digit of i?
4
Suppose -2*v - 650 = -5*l, 3*l - 5*v + 0*v - 390 = 0. Suppose 3*p - 111 + 21 = -3*b, -5*p - b + l = 0. What is the units digit of p?
5
Let p(x) = -3*x**2 + 5*x**2 + 8 + 4*x - 13*x. What is the tens digit of p(6)?
2
Suppose 4*n - 1533 = 5*u, 5*n - 1344 = 4*u + 561. What is the hundreds digit of n?
3
Suppose 5*j - 68 = -3*s, -4*s + 2*j = -3*j - 44. Suppose -2*f + w = 6*w - 7, -2*f + s = 2*w. What is the units digit of f?
1
Suppose 2*i + 5*k + 3 = -25, 3*i - 2*k + 23 = 0. Let p(b) = -2*b + 4. What is the tens digit of p(i)?
2
What is the tens digit of (-2 + 4)*((-150)/(-4))/3?
2
Let f(j) = -j**3 - 7*j**2 - 5*j + 8. What is the tens digit of f(-7)?
4
Let a be ((-15)/6)/(1/(-34)). Suppose 2*s = -s - 6, -3*d + a = -2*s. Suppose 4*g + 13 = x - 6, 5*x - 3*g = d. What is the units digit of x?
3
Suppose 0 = -2*o + 5*o - 135. Suppose o - 9 = v. What is the tens digit of v?
3
Suppose 453 = 3*l + 4*u, 4 = -2*u - 2. What is the units digit of l?
5
Let l be 4/2 + 10 + 0. Suppose -l = 4*x - 2*q, x - 6 = -5*q + q. Let v = x + 14. What is the tens digit of v?
1
Let s = -4 - -2. Let y = s + 5. What is the units digit of (-6)/(-9) + 1/y?
1
Suppose 4*j = 377 + 271. What is the hundreds digit of j?
1
What is the tens digit of 10/(-5)*-34*(-2)/(-2)?
6
Let o(n) = -3*n**2 + n**2 + 3*n**2 - n**3. What is the units digit of o(-1)?
2
Suppose -2*m + 3 = -m. Suppose 22 = m*k - k. What is the units digit of k?
1
Let f = -7 - -19. Suppose 0*n + 2*n - f = 0. What is the units digit of n?
6
Let i be (-2 + 0)/(2 + -4). Let b = 13 + i. What is the units digit of b?
4
Let j(f) = -f**2 + 31*f - 37. What is the units digit of j(23)?
7
Let z = 22 - -51. What is the units digit of z?
3
Let q = 40 - 25. Suppose -3*m = 2*m - q. What is the units digit of -2*(m/6 + -2)?
3
Let v(j) = 9*j**2 - 4*j - 1. What is the tens digit of v(-1)?
1
Let k(f) = 79 - f - 23 + 0*f. Let q be k(0). Suppose q = m + 3*m. What is the tens digit of m?
1
Let k be ((-2)/4*2)/(-1). What is the units digit of (k/(-3))/((-3)/72)?
8
Let r(v) = 2*v**2 + 2*v - 1. Let o be r(1). Suppose -4*y + 15 = h, -9 + 32 = 5*y - o*h. Suppose y = 2*t, 8*t = 3*u + 3*t - 17. What is the units digit of u?
9
Let d be 3/(-6) + 258/12. Suppose -2*z + d - 13 = 0. What is the units digit of z?
4
Suppose 0 = -3*o - 2*o. Suppose -2*f - f + 120 = o. Let v = f - 26. What is the units digit of v?
4
Suppose w - 1 = -2*b - 8, 5*b + 3*w = -19. Let d = b + 5. Suppose -2*s - 4*i + 10 = 0, d*s + 2*i - 10 = 17. What is the units digit of s?
1
Let s be (-1 + 2)/(7/119). What is the tens digit of s - 6/(1 + -3)?
2
Suppose 0 = -3*c - 62 + 212. What is the units digit of c?
0
Let f = -12 + 44. What is the tens digit of f?
3
Let q = -114 - -249. What is the tens digit of q?
3
Suppose 7*b + 4*q = 2*b + 18, 5*b + 5*q - 20 = 0. Suppose -6*a + b*a = -12. What is the units digit of 4/3*a + 2?
6
Let p(n) = -n**2 + 6*n + 11. Let j be p(8). Let x be j + 2 + 1*-1. What is the units digit of (-2 - x) + 13 + -1?
4
Let u be ((-9)/(-12))/((-2)/(-32)). Let d(g) = 6*g**2 + g + 1. Let j be d(-1). Let b = u - j. What is the units digit of b?
6
Suppose 2*p - 101 - 1 = 0. What is the units digit of p?
1
Suppose 4*y - g = -27, -y - 2*g = -0*g + 18. Let b be 42/y*(-16)/6. Suppose c - 7 = n, -c + b = 3*c + 3*n. What is the units digit of c?
5
Let u(y) = -y**3 + 2*y - 1. Let l be u(1). Let r = l - -11. What is the units digit of r?
1
Let v = 286 + -123. Let l = v - 111. What is the units digit of l?
2
Let m(c) = -9*c - 2. What is the tens digit of m(-2)?
1
Let w = -85 + 144. What is the tens digit of w?
5
Let q = 4 - 1. Suppose 5*b - q = 2*b. What is the units digit of b?
1
Suppose 544 = 3*o + 5*o. What is the tens digit of o?
6
Suppose -j - 3*u - 52 = -3*j, 0 = -u + 4. What is the tens digit of j?
3
Let n(c) = 26*c + 7. What is the hundreds digit of n(11)?
2
Suppose 0*g - g - 4 = 0. What is the tens digit of ((-14)/g)/7*76?
3
Let f be 1/(-2) - (-30)/(-4). Let c(p) = p**2 + 8*p + 6. Let d be c(f). Suppose -3*l - 5*a - 10 = d, -7 = l + 2*a. What is the units digit of l?
3
Let x(k) = k**3 - 3*k**2 - k - 1. Suppose 5*o - 6 -